 -53 (base 6) in base 13?
-27
-34 (base 7) to base 16
-19
Convert -11101 (base 2) to base 10.
-29
10 (base 2) to base 12
2
Convert 3 (base 7) to base 16.
3
Convert -12 (base 3) to base 15.
-5
-34 (base 8) to base 3
-1001
-1001 (base 5) to base 7
-240
What is 3 (base 16) in base 3?
10
6 (base 14) to base 2
110
What is 38 (base 10) in base 4?
212
What is 10 (base 2) in base 4?
2
What is -100101 (base 2) in base 10?
-37
-1 (base 6) to base 13
-1
0 (base 13) to base 3
0
Convert -10 (base 8) to base 11.
-8
Convert 1 (base 6) to base 13.
1
What is -10 (base 2) in base 14?
-2
Convert -10 (base 15) to base 13.
-12
35 (base 6) to base 16
17
-7 (base 12) to base 7
-10
-5 (base 11) to base 12
-5
What is -31 (base 4) in base 11?
-12
Convert 31 (base 5) to base 4.
100
What is -4 (base 6) in base 12?
-4
What is -20 (base 4) in base 13?
-8
What is 5 (base 9) in base 5?
10
61 (base 13) to base 9
87
Convert 0 (base 7) to base 16.
0
-45 (base 7) to base 8
-41
Convert -2 (base 9) to base 4.
-2
28 (base 15) to base 5
123
What is -205 (base 8) in base 13?
-a3
Convert 217 (base 8) to base 12.
bb
Convert -6 (base 7) to base 4.
-12
7 (base 10) to base 16
7
What is -2313 (base 4) in base 15?
-c3
What is 12 (base 9) in base 12?
b
What is -6 (base 8) in base 3?
-20
What is -4 (base 15) in base 2?
-100
What is 11 (base 12) in base 9?
14
542 (base 6) to base 13
12b
Convert 12 (base 6) to base 5.
13
2 (base 7) to base 4
2
Convert -100 (base 2) to base 4.
-10
49 (base 14) to base 15
45
What is 101 (base 2) in base 7?
5
What is -31 (base 7) in base 16?
-16
Convert c8 (base 13) to base 15.
ae
What is -4 (base 14) in base 13?
-4
Convert -1 (base 14) to base 7.
-1
-16 (base 13) to base 12
-17
What is -11 (base 4) in base 13?
-5
What is 0 (base 4) in base 2?
0
What is 113 (base 5) in base 11?
30
What is 4 (base 16) in base 2?
100
26 (base 9) to base 13
1b
What is 1 (base 14) in base 5?
1
Convert -2 (base 7) to base 13.
-2
Convert 1131 (base 4) to base 15.
63
What is 1122 (base 3) in base 6?
112
2121 (base 3) to base 12
5a
-d (base 16) to base 11
-12
Convert 3 (base 8) to base 9.
3
What is -32 (base 4) in base 6?
-22
Convert -163 (base 10) to base 6.
-431
Convert 11 (base 2) to base 6.
3
0 (base 3) to base 2
0
What is 33 (base 7) in base 13?
1b
Convert -2222 (base 3) to base 13.
-62
Convert -44 (base 7) to base 14.
-24
Convert -13 (base 12) to base 10.
-15
Convert d (base 16) to base 15.
d
Convert 11 (base 7) to base 13.
8
Convert -152 (base 7) to base 14.
-62
Convert 2 (base 4) to base 3.
2
-217 (base 8) to base 7
-263
1 (base 4) to base 9
1
Convert -32 (base 4) to base 7.
-20
Convert -2110 (base 4) to base 13.
-b5
What is 24 (base 8) in base 11?
19
1 (base 13) to base 10
1
What is -49 (base 16) in base 11?
-67
Convert -6 (base 9) to base 10.
-6
What is 1 (base 8) in base 16?
1
Convert -11 (base 6) to base 3.
-21
What is 10012 (base 3) in base 13?
68
-161 (base 7) to base 16
-5c
10222 (base 3) to base 12
8b
Convert 1 (base 14) to base 7.
1
What is 21 (base 4) in base 6?
13
Convert 43 (base 11) to base 5.
142
48 (base 16) to base 6
200
120 (base 6) to base 10
48
Convert -41 (base 9) to base 7.
-52
Convert -10a (base 16) to base 14.
-150
Convert -250 (base 9) to base 13.
-12c
What is -25 (base 7) in base 16?
-13
19 (base 10) to base 5
34
Convert 9 (base 14) to base 9.
10
-6f (base 16) to base 15
-76
Convert -4 (base 12) to base 16.
-4
What is -c0 (base 13) in base 9?
-183
What is 65 (base 7) in base 12?
3b
Convert 8 (base 16) to base 9.
8
Convert -1 (base 5) to base 4.
-1
Convert 10201 (base 3) to base 13.
79
Convert -d3 (base 16) to base 12.
-157
6 (base 11) to base 5
11
-13 (base 12) to base 3
-120
What is -7 (base 9) in base 3?
-21
-3 (base 12) to base 16
-3
What is -af (base 16) in base 3?
-20111
What is 43 (base 5) in base 14?
19
Convert 3 (base 7) to base 6.
3
Convert 32 (base 4) to base 6.
22
-b (base 16) to base 7
-14
1 (base 7) to base 15
1
1014 (base 5) to base 13
a4
-35 (base 8) to base 3
-1002
2 (base 16) to base 10
2
0 (base 16) to base 10
0
What is -16 (base 8) in base 4?
-32
What is 3 (base 13) in base 12?
3
What is -30 (base 11) in base 2?
-100001
Convert -11 (base 2) to base 9.
-3
Convert -3 (base 5) to base 12.
-3
47 (base 15) to base 6
151
7 (base 11) to base 15
7
Convert 3 (base 8) to base 4.
3
-2200 (base 3) to base 4
-1020
Convert -222 (base 3) to base 4.
-122
25 (base 7) to base 13
16
What is -12 (base 13) in base 8?
-17
What is -1010 (base 2) in base 9?
-11
-1 (base 15) to base 4
-1
Convert 201 (base 3) to base 8.
23
Convert 34 (base 9) to base 13.
25
What is 1 (base 7) in base 6?
1
What is 1d (base 15) in base 7?
40
10 (base 7) to base 11
7
What is -15 (base 11) in base 10?
-16
Convert 4 (base 6) to base 8.
4
Convert -b2 (base 15) to base 13.
-cb
11 (base 5) to base 14
6
Convert 100000 (base 2) to base 6.
52
What is 6 (base 13) in base 10?
6
-7 (base 14) to base 7
-10
-200 (base 3) to base 8
-22
Convert -5 (base 6) to base 11.
-5
-5 (base 16) to base 9
-5
-4 (base 13) to base 10
-4
What is 12 (base 5) in base 12?
7
0 (base 10) to base 2
0
What is 4 (base 5) in base 3?
11
What is 2103 (base 4) in base 11?
124
Convert -c (base 16) to base 3.
-110
122 (base 7) to base 14
49
What is -5 (base 16) in base 15?
-5
16 (base 10) to base 5
31
-187 (base 10) to base 13
-115
Convert b4 (base 13) to base 8.
223
Convert 31 (base 5) to base 4.
100
What is 3 (base 9) in base 14?
3
What is 0 (base 15) in base 2?
0
Convert -a (base 15) to base 2.
-1010
What is 12 (base 3) in base 13?
5
24 (base 11) to base 3
222
-103 (base 4) to base 5
-34
What is 4 (base 14) in base 5?
4
Convert -16 (base 11) to base 14.
-13
Convert -34 (base 9) to base 8.
-37
0 (base 4) to base 14
0
-1230 (base 4) to base 10
-108
-522 (base 7) to base 11
-218
What is -10 (base 16) in base 13?
-13
Convert -22 (base 9) to base 13.
-17
What is -22 (base 5) in base 6?
-20
Convert -4 (base 10) to base 5.
-4
What is 3 (base 7) in base 14?
3
What is -4 (base 12) in base 14?
-4
-5 (base 12) to base 10
-5
What is -12 (base 5) in base 4?
-13
-1 (base 15) to base 5
-1
What is -110022 (base 3) in base 14?
-19a
Convert -3 (base 7) to base 15.
-3
Convert -1 (base 3) to base 7.
-1
What is 66 (base 10) in base 2?
1000010
5 (base 12) to base 6
5
Convert 23 (base 6) to base 4.
33
What is 10c (base 14) in base 5?
1313
What is 1 (base 8) in base 3?
1
What is 3 (base 6) in base 2?
11
2 (base 5) to base 3
2
-1a (base 13) to base 12
-1b
Convert -20 (base 4) to base 12.
-8
Convert -220 (base 3) to base 7.
-33
-3 (base 4) to base 9
-3
What is 56 (base 8) in base 2?
101110
Convert 2 (base 6) to base 11.
2
What is 23 (base 11) in base 7?
34
Convert -34 (base 8) to base 5.
-103
What is 21 (base 4) in base 16?
9
251 (base 7) to base 15
8e
What is 1 (base 14) in base 6?
1
What is 1 (base 14) in base 8?
1
1 (base 16) to base 14
1
Convert -2 (base 4) to base 6.
-2
Convert -428 (base 9) to base 2.
-101011110
Convert 126 (base 9) to base 2.
1101001
Convert -36 (base 8) to base 3.
-1010
What is -4 (base 5) in base 2?
-100
What is -17 (base 15) in base 2?
-10110
230 (base 11) to base 6
1135
What is 21 (base 15) in base 16?
1f
Convert -2 (base 9) to base 14.
-2
Convert 11 (base 10) to base 11.
10
253 (base 7) to base 14
9a
Convert -4 (base 6) to base 14.
-4
Convert -6f (base 16) to base 10.
-111
What is 2 (base 13) in base 8?
2
What is 1 (base 14) in base 12?
1
What is -53 (base 12) in base 4?
-333
What is 3 (base 15) in base 8?
3
Convert 8 (base 11) to base 8.
10
-131 (base 13) to base 4
-3101
Convert 23 (base 4) to base 2.
1011
Convert 40 (base 11) to base 9.
48
What is 2 (base 5) in base 14?
2
What is -2 (base 10) in base 4?
-2
What is -10 (base 2) in base 12?
-2
Convert 68 (base 14) to base 10.
92
1 (base 15) to base 13
1
What is 10 (base 16) in base 12?
14
What is 68 (base 9) in base 10?
62
-4 (base 11) to base 5
-4
What is 1111 (base 2) in base 11?
14
Convert 43 (base 5) to base 12.
1b
-111 (base 8) to base 10
-73
7 (base 15) to base 6
11
1 (base 6) to base 8
1
Convert -75 (base 11) to base 7.
-145
What is -116 (base 8) in base 13?
-60
11 (base 5) to base 15
6
Convert -110 (base 3) to base 16.
-c
Convert -200 (base 5) to base 13.
-3b
What is -5 (base 11) in base 16?
-5
-16b (base 14) to base 9
-353
3 (base 7) to base 4
3
32 (base 6